{"id":87,"date":"2024-04-16T13:58:41","date_gmt":"2024-04-16T13:58:41","guid":{"rendered":"https:\/\/spnw.pl\/?page_id=87"},"modified":"2025-12-16T08:06:52","modified_gmt":"2025-12-16T08:06:52","slug":"pedagog","status":"publish","type":"page","link":"https:\/\/spnw.pl\/?page_id=87","title":{"rendered":"Pedagog"},"content":{"rendered":"\n<p><strong>Pedagog:<\/strong> p. Agata Dziadkowiec            <strong>Pedagog specjalny: <\/strong>p. Barbara Walawander<\/p>\n\n\n\n<p><strong>Godziny dost\u0119pno\u015bci pedagog<\/strong>a: od poniedzia\u0142ku do pi\u0105tku<\/p>\n\n\n\n<p><\/p>\n\n\n\n<figure class=\"wp-block-image alignright size-full is-resized\"><img loading=\"lazy\" decoding=\"async\" width=\"226\" height=\"223\" src=\"https:\/\/spnw.pl\/wp-content\/uploads\/2024\/09\/download-1.jpg\" alt=\"\" class=\"wp-image-351\" style=\"width:340px;height:auto\"\/><\/figure>\n\n\n\n<p><strong>Pedagog to osoba, kt\u00f3ra wys\u0142ucha, zrozumie, doradzi, podpowie i:<\/strong><\/p>\n\n\n\n<p>\u2022&nbsp;&nbsp;wyt\u0142umaczy jak skutecznie radzi\u0107 sobie ze stresem;<\/p>\n\n\n\n<p>\u2022&nbsp;&nbsp;podpowie, jak\u0105 wybra\u0107 w \u017cyciu drog\u0119;<\/p>\n\n\n\n<p>\u2022&nbsp;&nbsp;przestrze\u017ce przed tym, co niebezpieczne;<\/p>\n\n\n\n<p>\u2022&nbsp;&nbsp;nauczy my\u015ble\u0107 tw\u00f3rczo;<\/p>\n\n\n\n<p>\u2022&nbsp;&nbsp;odpowie na pytania &#8222;jak si\u0119 motywowa\u0107 do pracy, nauki?&#8221; oraz &#8222;jak dobrze gospodarowa\u0107 czasem?&#8221;;<\/p>\n\n\n\n<p>\u2022&nbsp;&nbsp;wyt\u0142umaczy, co znaczy by\u0107 asertywnym<\/p>\n\n\n\n<p><strong>Rola pedagoga w szkole:<\/strong><\/p>\n\n\n\n<p>\u2022&nbsp;&nbsp;Pedagog to nie stra\u017cnik ani policjant, kt\u00f3rego nale\u017cy si\u0119 obawia\u0107, to osoba \u017cyczliwa uczniom, przyjaciel i rzecznik ich praw, do kt\u00f3rego mo\u017cna si\u0119 zwraca\u0107 o pomoc, wsparcie, a czasem po gotowe rozwi\u0105zania trudnych problem\u00f3w okresu dorastania.<\/p>\n\n\n\n<p>\u2022&nbsp;&nbsp;Rozpoznaje indywidualne potrzeby uczni\u00f3w i analizuje niepowodzenia,<\/p>\n\n\n\n<p>\u2022&nbsp;&nbsp;Wspiera uczni\u00f3w w przezwyci\u0119\u017caniu niepowodze\u0144 szkolnych i osobistych,<\/p>\n\n\n\n<p>\u2022&nbsp;&nbsp;Organizuje pomoc psychologiczno \u2013 pedagogiczn\u0105,<\/p>\n\n\n\n<p>\u2022&nbsp;&nbsp;Prowadzi dzia\u0142ania wychowawcze wynikaj\u0105ce z programu wychowawczego szko\u0142y,<\/p>\n\n\n\n<p>\u2022&nbsp;&nbsp;Zajmuje si\u0119 dzia\u0142alno\u015bci\u0105 profilaktyczn\u0105 zgodn\u0105 ze szkolnym programem profilaktyki,<\/p>\n\n\n\n<p>\u2022&nbsp;&nbsp;W\u0142\u0105cza si\u0119 w organizacj\u0119 opieki i pomocy dla uczni\u00f3w z rodzin o trudnej sytuacji materialnej.<\/p>\n\n\n\n<p><strong>Uczniu zwr\u00f3\u0107 si\u0119 do pedagoga gdy:<\/strong><\/p>\n\n\n\n<p>\u2022&nbsp;&nbsp;&nbsp;czujesz, \u017ce nikt Ci\u0119 nie rozumie, jeste\u015b samotny&nbsp;&nbsp;&nbsp;&nbsp;&nbsp;&nbsp;&nbsp;&nbsp;&nbsp;&nbsp;&nbsp;&nbsp;&nbsp;&nbsp;&nbsp;&nbsp;&nbsp;&nbsp;&nbsp;&nbsp;&nbsp;&nbsp;&nbsp;&nbsp;&nbsp;&nbsp;&nbsp;&nbsp;&nbsp;&nbsp;&nbsp;&nbsp;&nbsp;&nbsp;&nbsp;&nbsp;&nbsp;&nbsp;&nbsp;&nbsp;&nbsp;&nbsp;&nbsp;&nbsp;&nbsp;&nbsp;&nbsp;&nbsp;&nbsp;&nbsp;&nbsp;&nbsp;&nbsp;&nbsp;&nbsp;&nbsp;&nbsp;&nbsp;&nbsp;&nbsp;&nbsp;&nbsp;&nbsp;&nbsp;&nbsp;&nbsp;&nbsp;&nbsp;&nbsp;&nbsp;&nbsp;&nbsp;&nbsp;&nbsp;&nbsp;&nbsp;&nbsp;&nbsp;&nbsp;&nbsp;&nbsp;&nbsp;&nbsp;&nbsp;&nbsp;<\/p>\n\n\n\n<p>\u2022&nbsp;&nbsp;&nbsp;nie potrafisz porozumie\u0107 si\u0119 z nauczycielem<\/p>\n\n\n\n<p>\u2022&nbsp;&nbsp;&nbsp;masz problemy rodzinne<\/p>\n\n\n\n<p>\u2022&nbsp;&nbsp;&nbsp;chcesz podzieli\u0107 si\u0119 swoj\u0105 rado\u015bci\u0105, sukcesem<\/p>\n\n\n\n<p>\u2022&nbsp;&nbsp;&nbsp;chcia\u0142by\u015b pom\u00f3c innym, ale nie wiesz w jaki spos\u00f3b<\/p>\n\n\n\n<p>\u2022&nbsp;&nbsp;&nbsp;masz ciekawe pomys\u0142y, kt\u00f3rymi chcesz si\u0119 podzieli\u0107<\/p>\n\n\n\n<p><strong>Rodzicu zwr\u00f3\u0107 si\u0119 do pedagoga gdy:<\/strong><\/p>\n\n\n\n<p>\u2022&nbsp;&nbsp;&nbsp;niepokoi Ci\u0119 zachowanie dziecka<\/p>\n\n\n\n<p>\u2022&nbsp;&nbsp;&nbsp;zauwa\u017casz u dziecka problemy w uczeniu si\u0119<\/p>\n\n\n\n<p>\u2022&nbsp;&nbsp;&nbsp;chcesz porozmawia\u0107 o dziecku i twoich z nim relacjach<\/p>\n\n\n\n<p>\u2022&nbsp;&nbsp;&nbsp;poturbujesz wsparcia w procesie wychowania<\/p>\n\n\n\n<p>\u2022&nbsp;&nbsp;&nbsp;masz pytania i nie wiesz do kogo zwr\u00f3ci\u0107 si\u0119 po pomoc<\/p>\n\n\n\n<p>\u2022&nbsp;&nbsp;&nbsp;znajdujesz si\u0119 w trudnej sytuacji materialnej.<\/p>\n\n\n\n<p><\/p>\n\n\n\n<p><strong>CYBERPRZEMOC<\/strong><\/p>\n\n\n\n<div data-wp-interactive=\"core\/file\" class=\"wp-block-file\"><object data-wp-bind--hidden=\"!state.hasPdfPreview\"  class=\"wp-block-file__embed\" data=\"https:\/\/spnw.pl\/wp-content\/uploads\/2024\/09\/Cyberprzemoc_Wlacz_blokade_na_nekanie________poradnik_dla_rodzicow.pdf\" type=\"application\/pdf\" style=\"width:100%;height:600px\" aria-label=\"Osadzone z Cyberprzemoc_Wlacz_blokade_na_nekanie________poradnik_dla_rodzicow.\"><\/object><a id=\"wp-block-file--media-4945e7b1-80b1-427f-8631-de0c8c5f782c\" href=\"https:\/\/spnw.pl\/wp-content\/uploads\/2024\/09\/Cyberprzemoc_Wlacz_blokade_na_nekanie________poradnik_dla_rodzicow.pdf\">Cyberprzemoc_Wlacz_blokade_na_nekanie________poradnik_dla_rodzicow<\/a><a href=\"https:\/\/spnw.pl\/wp-content\/uploads\/2024\/09\/Cyberprzemoc_Wlacz_blokade_na_nekanie________poradnik_dla_rodzicow.pdf\" class=\"wp-block-file__button wp-element-button\" download aria-describedby=\"wp-block-file--media-4945e7b1-80b1-427f-8631-de0c8c5f782c\">Pobierz<\/a><\/div>\n\n\n\n<hr class=\"wp-block-separator has-alpha-channel-opacity\"\/>\n\n\n\n<p class=\"has-text-align-center\"><strong>Szkolny Program Wychowawczo-Profilaktyczny opracowany na rok 2025\/2026<\/strong><\/p>\n\n\n\n<div data-wp-interactive=\"core\/file\" class=\"wp-block-file\"><object data-wp-bind--hidden=\"!state.hasPdfPreview\"  class=\"wp-block-file__embed\" data=\"https:\/\/spnw.pl\/wp-content\/uploads\/2025\/12\/Program-profilaktyczno-wychowawczy-2025_2026.pdf\" type=\"application\/pdf\" style=\"width:100%;height:600px\" aria-label=\"Osadzone z Program-profilaktyczno-wychowawczy-2025_2026.\"><\/object><a id=\"wp-block-file--media-e39ab090-755c-4284-91d9-3e62c26c5151\" href=\"https:\/\/spnw.pl\/wp-content\/uploads\/2025\/12\/Program-profilaktyczno-wychowawczy-2025_2026.pdf\">Program-profilaktyczno-wychowawczy-2025_2026<\/a><a href=\"https:\/\/spnw.pl\/wp-content\/uploads\/2025\/12\/Program-profilaktyczno-wychowawczy-2025_2026.pdf\" class=\"wp-block-file__button wp-element-button\" download aria-describedby=\"wp-block-file--media-e39ab090-755c-4284-91d9-3e62c26c5151\">Pobierz<\/a><\/div>\n","protected":false},"excerpt":{"rendered":"<p>Pedagog: p. Agata Dziadkowiec Pedagog specjalny: p. Barbara Walawander Godziny dost\u0119pno\u015bci pedagoga: od poniedzia\u0142ku do pi\u0105tku Pedagog to osoba, kt\u00f3ra<\/p>\n","protected":false},"author":1,"featured_media":0,"parent":40,"menu_order":0,"comment_status":"closed","ping_status":"closed","template":"","meta":{"colormag_page_container_layout":"default_layout","colormag_page_sidebar_layout":"default_layout","footnotes":""},"yoast_head":"<!-- This site is optimized with the Yoast SEO plugin v24.5 - https:\/\/yoast.com\/wordpress\/plugins\/seo\/ -->\n<title>Pedagog - Szko\u0142a Podstawowa w Nowej Wsi<\/title>\n<meta name=\"robots\" content=\"index, follow, max-snippet:-1, max-image-preview:large, max-video-preview:-1\" \/>\n<link rel=\"canonical\" href=\"https:\/\/spnw.pl\/?page_id=87\" \/>\n<meta property=\"og:locale\" content=\"pl_PL\" \/>\n<meta property=\"og:type\" content=\"article\" \/>\n<meta property=\"og:title\" content=\"Pedagog - Szko\u0142a Podstawowa w Nowej Wsi\" \/>\n<meta property=\"og:description\" content=\"Pedagog: p. Agata Dziadkowiec Pedagog specjalny: p. Barbara Walawander Godziny dost\u0119pno\u015bci pedagoga: od poniedzia\u0142ku do pi\u0105tku Pedagog to osoba, kt\u00f3ra\" \/>\n<meta property=\"og:url\" content=\"https:\/\/spnw.pl\/?page_id=87\" \/>\n<meta property=\"og:site_name\" content=\"Szko\u0142a Podstawowa w Nowej Wsi\" \/>\n<meta property=\"article:modified_time\" content=\"2025-12-16T08:06:52+00:00\" \/>\n<meta property=\"og:image\" content=\"https:\/\/spnw.pl\/wp-content\/uploads\/2024\/09\/download-1.jpg\" \/>\n\t<meta property=\"og:image:width\" content=\"226\" \/>\n\t<meta property=\"og:image:height\" content=\"223\" \/>\n\t<meta property=\"og:image:type\" content=\"image\/jpeg\" \/>\n<meta name=\"twitter:card\" content=\"summary_large_image\" \/>\n<meta name=\"twitter:label1\" content=\"Szacowany czas czytania\" \/>\n\t<meta name=\"twitter:data1\" content=\"2 minuty\" \/>\n<script type=\"application\/ld+json\" class=\"yoast-schema-graph\">{\"@context\":\"https:\/\/schema.org\",\"@graph\":[{\"@type\":\"WebPage\",\"@id\":\"https:\/\/spnw.pl\/?page_id=87\",\"url\":\"https:\/\/spnw.pl\/?page_id=87\",\"name\":\"Pedagog - Szko\u0142a Podstawowa w Nowej Wsi\",\"isPartOf\":{\"@id\":\"https:\/\/spnw.pl\/#website\"},\"primaryImageOfPage\":{\"@id\":\"https:\/\/spnw.pl\/?page_id=87#primaryimage\"},\"image\":{\"@id\":\"https:\/\/spnw.pl\/?page_id=87#primaryimage\"},\"thumbnailUrl\":\"https:\/\/spnw.pl\/wp-content\/uploads\/2024\/09\/download-1.jpg\",\"datePublished\":\"2024-04-16T13:58:41+00:00\",\"dateModified\":\"2025-12-16T08:06:52+00:00\",\"breadcrumb\":{\"@id\":\"https:\/\/spnw.pl\/?page_id=87#breadcrumb\"},\"inLanguage\":\"pl-PL\",\"potentialAction\":[{\"@type\":\"ReadAction\",\"target\":[\"https:\/\/spnw.pl\/?page_id=87\"]}]},{\"@type\":\"ImageObject\",\"inLanguage\":\"pl-PL\",\"@id\":\"https:\/\/spnw.pl\/?page_id=87#primaryimage\",\"url\":\"https:\/\/spnw.pl\/wp-content\/uploads\/2024\/09\/download-1.jpg\",\"contentUrl\":\"https:\/\/spnw.pl\/wp-content\/uploads\/2024\/09\/download-1.jpg\",\"width\":226,\"height\":223},{\"@type\":\"BreadcrumbList\",\"@id\":\"https:\/\/spnw.pl\/?page_id=87#breadcrumb\",\"itemListElement\":[{\"@type\":\"ListItem\",\"position\":1,\"name\":\"Strona g\u0142\u00f3wna\",\"item\":\"https:\/\/spnw.pl\/\"},{\"@type\":\"ListItem\",\"position\":2,\"name\":\"Szko\u0142a\",\"item\":\"https:\/\/spnw.pl\/?page_id=40\"},{\"@type\":\"ListItem\",\"position\":3,\"name\":\"Pedagog\"}]},{\"@type\":\"WebSite\",\"@id\":\"https:\/\/spnw.pl\/#website\",\"url\":\"https:\/\/spnw.pl\/\",\"name\":\"Szko\u0142a Podstawowa w Nowej Wsi\",\"description\":\"Szko\u0142a Podstawowa w Nowej Wsi\",\"potentialAction\":[{\"@type\":\"SearchAction\",\"target\":{\"@type\":\"EntryPoint\",\"urlTemplate\":\"https:\/\/spnw.pl\/?s={search_term_string}\"},\"query-input\":{\"@type\":\"PropertyValueSpecification\",\"valueRequired\":true,\"valueName\":\"search_term_string\"}}],\"inLanguage\":\"pl-PL\"}]}<\/script>\n<!-- \/ Yoast SEO plugin. -->","yoast_head_json":{"title":"Pedagog - Szko\u0142a Podstawowa w Nowej Wsi","robots":{"index":"index","follow":"follow","max-snippet":"max-snippet:-1","max-image-preview":"max-image-preview:large","max-video-preview":"max-video-preview:-1"},"canonical":"https:\/\/spnw.pl\/?page_id=87","og_locale":"pl_PL","og_type":"article","og_title":"Pedagog - Szko\u0142a Podstawowa w Nowej Wsi","og_description":"Pedagog: p. Agata Dziadkowiec Pedagog specjalny: p. Barbara Walawander Godziny dost\u0119pno\u015bci pedagoga: od poniedzia\u0142ku do pi\u0105tku Pedagog to osoba, kt\u00f3ra","og_url":"https:\/\/spnw.pl\/?page_id=87","og_site_name":"Szko\u0142a Podstawowa w Nowej Wsi","article_modified_time":"2025-12-16T08:06:52+00:00","og_image":[{"width":226,"height":223,"url":"https:\/\/spnw.pl\/wp-content\/uploads\/2024\/09\/download-1.jpg","type":"image\/jpeg"}],"twitter_card":"summary_large_image","twitter_misc":{"Szacowany czas czytania":"2 minuty"},"schema":{"@context":"https:\/\/schema.org","@graph":[{"@type":"WebPage","@id":"https:\/\/spnw.pl\/?page_id=87","url":"https:\/\/spnw.pl\/?page_id=87","name":"Pedagog - Szko\u0142a Podstawowa w Nowej Wsi","isPartOf":{"@id":"https:\/\/spnw.pl\/#website"},"primaryImageOfPage":{"@id":"https:\/\/spnw.pl\/?page_id=87#primaryimage"},"image":{"@id":"https:\/\/spnw.pl\/?page_id=87#primaryimage"},"thumbnailUrl":"https:\/\/spnw.pl\/wp-content\/uploads\/2024\/09\/download-1.jpg","datePublished":"2024-04-16T13:58:41+00:00","dateModified":"2025-12-16T08:06:52+00:00","breadcrumb":{"@id":"https:\/\/spnw.pl\/?page_id=87#breadcrumb"},"inLanguage":"pl-PL","potentialAction":[{"@type":"ReadAction","target":["https:\/\/spnw.pl\/?page_id=87"]}]},{"@type":"ImageObject","inLanguage":"pl-PL","@id":"https:\/\/spnw.pl\/?page_id=87#primaryimage","url":"https:\/\/spnw.pl\/wp-content\/uploads\/2024\/09\/download-1.jpg","contentUrl":"https:\/\/spnw.pl\/wp-content\/uploads\/2024\/09\/download-1.jpg","width":226,"height":223},{"@type":"BreadcrumbList","@id":"https:\/\/spnw.pl\/?page_id=87#breadcrumb","itemListElement":[{"@type":"ListItem","position":1,"name":"Strona g\u0142\u00f3wna","item":"https:\/\/spnw.pl\/"},{"@type":"ListItem","position":2,"name":"Szko\u0142a","item":"https:\/\/spnw.pl\/?page_id=40"},{"@type":"ListItem","position":3,"name":"Pedagog"}]},{"@type":"WebSite","@id":"https:\/\/spnw.pl\/#website","url":"https:\/\/spnw.pl\/","name":"Szko\u0142a Podstawowa w Nowej Wsi","description":"Szko\u0142a Podstawowa w Nowej Wsi","potentialAction":[{"@type":"SearchAction","target":{"@type":"EntryPoint","urlTemplate":"https:\/\/spnw.pl\/?s={search_term_string}"},"query-input":{"@type":"PropertyValueSpecification","valueRequired":true,"valueName":"search_term_string"}}],"inLanguage":"pl-PL"}]}},"_links":{"self":[{"href":"https:\/\/spnw.pl\/index.php?rest_route=\/wp\/v2\/pages\/87"}],"collection":[{"href":"https:\/\/spnw.pl\/index.php?rest_route=\/wp\/v2\/pages"}],"about":[{"href":"https:\/\/spnw.pl\/index.php?rest_route=\/wp\/v2\/types\/page"}],"author":[{"embeddable":true,"href":"https:\/\/spnw.pl\/index.php?rest_route=\/wp\/v2\/users\/1"}],"replies":[{"embeddable":true,"href":"https:\/\/spnw.pl\/index.php?rest_route=%2Fwp%2Fv2%2Fcomments&post=87"}],"version-history":[{"count":15,"href":"https:\/\/spnw.pl\/index.php?rest_route=\/wp\/v2\/pages\/87\/revisions"}],"predecessor-version":[{"id":3163,"href":"https:\/\/spnw.pl\/index.php?rest_route=\/wp\/v2\/pages\/87\/revisions\/3163"}],"up":[{"embeddable":true,"href":"https:\/\/spnw.pl\/index.php?rest_route=\/wp\/v2\/pages\/40"}],"wp:attachment":[{"href":"https:\/\/spnw.pl\/index.php?rest_route=%2Fwp%2Fv2%2Fmedia&parent=87"}],"curies":[{"name":"wp","href":"https:\/\/api.w.org\/{rel}","templated":true}]}}